 -b - 3*b + f. Is b composite?
False
Suppose 8*o = -7*o + 82065. Is o composite?
False
Let d(z) = -103*z**3 - z**2 - z - 8. Is d(-3) a prime number?
True
Suppose 3*j + 5 = 17. Suppose 0*d = 2*d + 8, -3*d = 2*i + 4. Suppose 4*g + i = 5*y + 3, j*y = -4*g + 44. Is g composite?
True
Let m(l) = 173*l**2 + 8*l - 14. Is m(3) composite?
False
Suppose -1 = -3*r + 2. Let g = r - -15. Let c = g + -9. Is c a prime number?
True
Suppose 6 = -3*b, 2*u - b + 2 = 6. Let x be u/(2/22)*1. Let t = x - -4. Is t prime?
False
Suppose -2*o - 1 = 2*p - p, o - 3 = -4*p. Is (6/(-2))/(p/(-13)) a prime number?
False
Suppose 4*z + 5*o - 634 - 2885 = 0, -4*o + 2638 = 3*z. Is z a composite number?
True
Let d = -2 + -2. Let w = d + 6. Suppose 5*g - 155 = -5*o, g + o - 41 = -w*o. Is g prime?
False
Suppose 3*k + 1 = 4*k, y - k = 253. Is y prime?
False
Let v(y) = 4*y**3 + y**2 + 5*y - 5. Suppose -5*z - 3 = 3*f - 17, 0 = 5*z - 5. Is v(f) prime?
True
Suppose 3*a + 6 = 0, -2*q + 5*a = -0*q - 14. Suppose -5*m = -9*u + 4*u + 615, -u + q*m + 119 = 0. Is u prime?
True
Let f = 197 + -345. Is (-4 + 1)/(12/f) composite?
False
Let i(p) = p**3 + p**2 + 9*p - 2. Let j be i(7). Suppose -3*c + j = 5*y - c, -4*y + 2*c + 348 = 0. Is y a prime number?
True
Suppose 5*n - 31 + 0 = 4*o, -4*n = -2*o - 20. Is ((-34)/5)/(o/20) a composite number?
True
Let k = 528 - 314. Let g = k + -29. Is g prime?
False
Let k(m) = -m**3 - 6*m**2 - 5*m - 6. Let l be k(-5). Let u(h) = -h**2 + 2*h - 1. Let v be u(l). Is (2/2)/((-7)/v) a composite number?
False
Let y(p) = -p**3 - 5*p**2 + 8*p + 17. Is y(-8) a composite number?
True
Let h(n) be the third derivative of n**5/60 - 5*n**4/24 - 7*n**3/6 + n**2. Is h(7) a prime number?
True
Let x(s) = 4*s + 3. Let y(n) be the third derivative of n**4/8 + n**3/6 + n**2. Let u be y(1). Is x(u) a prime number?
True
Let f(y) = -y - 2. Let g be f(-5). Suppose 2*v + g*a = -v + 78, -150 = -5*v - a. Is v composite?
False
Let t = 5 - 5. Suppose -3*l + t*l + 9 = 0. Suppose r - 31 = -l*s - r, -5*s + 5*r = -85. Is s prime?
True
Let w(y) = 466*y**3 + 2*y**2 + 4*y - 7. Is w(2) a prime number?
False
Suppose -2*m - 5 = 5*q + 3*m, -5*q + 31 = -4*m. Suppose 2*f - 165 = -q*f. Suppose -105 = 2*o - 7*o + 5*x, o + 5*x - f = 0. Is o composite?
False
Suppose 3*u = -2 - 4. Let p be (91 - 1)/3 + u. Suppose -h = 3*h - p. Is h a composite number?
False
Suppose -2*l + 5*s - 61 + 12 = 0, -s - 14 = l. Let a = l - -114. Is a a composite number?
False
Suppose -p - 4*h = -613, 4*h - 1866 = -3*p + h. Suppose -386 = -3*f - j, -5*f + 2*j + p = -0*j. Is f prime?
True
Suppose -4*u + 5*u = -k + 488, 3*u + 6 = 0. Suppose -d + k = 161. Is d a prime number?
False
Suppose -3*r - 4*c = -306, -3*r + c + 4*c = -306. Let i = -35 + r. Suppose 5*f - i = 4*f. Is f a composite number?
False
Let w(p) = -2*p**2 - 12*p + 2. Let o be w(-6). Suppose 4*b + o*g = 370, -316 = -5*b + 2*g + 160. Is b a composite number?
True
Is 242 + -3 - 0/2 a prime number?
True
Is 3890/15 + (-1)/3 a composite number?
True
Suppose -4*h = -188 - 660. Is h/(-2)*4/(-8) a prime number?
True
Let d(x) = -60*x**3 + 2*x**2 + 3*x + 3. Is d(-2) a prime number?
False
Let b = -17 + 39. Is b a composite number?
True
Suppose 4*w - 7448 + 2440 = 0. Suppose -72 - w = -4*a. Is a a composite number?
False
Suppose 2*h + 88 = 5*j, 3*j + h - 15 = 29. Let r be j/(2*3/(-12)). Let a = r + 45. Is a a composite number?
False
Is (-2)/((-3)/(29622/4)) composite?
False
Let r(i) = i**2 - 7*i + 1. Suppose 0 = -3*g - 0*g + 27. Let d(w) = w**2 - 9*w - 6. Let o be d(g). Is r(o) a prime number?
True
Is (-4)/(-6) - 1230/(-18) a composite number?
True
Let l(h) = -2*h - 9. Let o be l(-6). Let t be 51*o/(-9)*-3. Let y = t + -18. Is y a composite number?
True
Let n(r) = -14*r**2 - 3*r - 6. Let g be n(-4). Let y = -33 - g. Is y a composite number?
True
Suppose 4*z + 129 = -131. Let r = -4 + z. Is (2/(-6))/(1/r) composite?
False
Suppose 5*k = 4*m - 0*m + 95, 4*m = -3*k + 25. Suppose -s = -6*s + k. Suppose 5*v - 290 = -s*i, -7*i = v - 4*i - 70. Is v a composite number?
True
Let w = 345 - 236. Suppose 0 = 2*l - 3*l + w. Is l prime?
True
Let y(u) = u**2 + 3*u + 3. Let g(s) = s**3 + 4*s**2 - 2*s + 8. Let t be g(-5). Is y(t) a composite number?
False
Suppose 13*c - 3*c = 2590. Is c a prime number?
False
Let r be 8/12 - 2192/(-6). Let o be (r/(-15))/((-2)/(-10)). Let z = o + 243. Is z a prime number?
False
Suppose 2*g - 6 - 4 = 0, 22 = b - 5*g. Let q = b - -20. Is q composite?
False
Suppose -2*x = x. Let t be x + -1*(-4)/(-2). Is 5*7 - t/(-1) a prime number?
False
Let l = -1135 + 1659. Suppose n - 4*n + 6 = 0. Suppose -l = -n*v - 2*v. Is v a prime number?
True
Suppose -x + 107 + 20 = 0. Is x prime?
True
Let x = 12 + -9. Is ((-19)/x)/((-3)/9) composite?
False
Suppose -2*g = -4*u, -3*g - 14 = -3*u + 2*g. Let y(l) = -17*l - 1. Is y(u) a prime number?
False
Suppose 0 = -5*n + 439 + 321. Let r be 17/3 + 2/(-3). Suppose n + 345 = 3*y + 4*h, 3*y - 479 = r*h. Is y composite?
False
Suppose -50 = -x - 2*w + w, 0 = -x + w + 44. Let o = 2 - 0. Suppose -o*b - 5*p + x + 40 = 0, p - 160 = -5*b. Is b prime?
True
Suppose 124 - 374 = -5*j. Suppose 0 = -3*z + 4*r - 2*r + 99, -z - 5*r + j = 0. Is z prime?
False
Suppose y = 4*a - 3, 0 = 2*y + 2*a + 3*a - 46. Is y a prime number?
True
Suppose -12 = 2*n - v, 5*n + 29 = -5*v + 8*v. Is (-927)/(n - -4) - 0 a prime number?
False
Suppose 2*t - 3*v - 269 = 0, -2*t + 5*v = 3*t - 660. Is t prime?
True
Suppose 9*s = 4*s - u + 1425, 0 = -4*u. Suppose -2*j - 37 = -2*i - s, 4*j = -5*i + 451. Is j a prime number?
False
Suppose 3*v = 2668 - 295. Is v a composite number?
True
Suppose -3*w - 60 = i, -4*w - i = -0*w + 81. Let v = w + 47. Is v a prime number?
False
Suppose k + 10 = -1. Is (-16)/88 - 2103/k prime?
True
Is 97/(4 - (3 + 0)) a composite number?
False
Suppose -s = -5*s + 632. Is s a prime number?
False
Suppose w - 24 = -5*w. Suppose 252 - 820 = -4*b. Suppose 2*u = 3*x + b, x = -u - w*u + 321. Is u a composite number?
True
Let l(f) = -58*f**3 - 3 + 8*f + 57*f**3 - 2 + 7*f**2. Is l(7) composite?
True
Suppose -3*j + 7 = -2*j. Suppose 2*m - j*m = -5*v - 15, 0 = 3*m + 3*v - 15. Suppose 0 = -g - m*r + 99, 4*r = -g - g + 178. Is g a prime number?
True
Let k(i) = -2*i + 1. Let j be k(1). Let a be (-2 - j)*-1 - -220. Is a/6 + 1/6 a composite number?
False
Suppose -a = 2*a - 4*g - 1551, 5*g = -2*a + 1057. Is a prime?
True
Let r(z) be the third derivative of z**6/120 + 2*z**5/15 + z**4/6 + 4*z**2. Let h be 4/(-1)*(-14)/(-8). Is r(h) a composite number?
True
Suppose -444 = -n + 5*n. Suppose 5*c - h = -16, 2 = -4*c - h - 9. Is (n/6)/(c/6) a composite number?
False
Let p(i) = i**2 + 127. Is p(0) prime?
True
Let k(c) = -83*c - 82. Is k(-27) a prime number?
False
Suppose 4*b + 2*a = 6*a - 16, -2*b - 43 = 5*a. Let d(u) = u**3 + 10*u**2 + 2. Is d(b) prime?
True
Suppose -5*f = -3*l + 172, -2*l = -l + 4*f - 29. Is l composite?
True
Suppose 3*i - 4*i - 5278 = -4*s, -5*s - 5*i = -6585. Is s composite?
False
Is ((-254)/(-4))/(1/2) prime?
True
Suppose 15 = -0*o + 5*o, 991 = 5*a - 3*o. Suppose 3*v - a = 373. Is v a prime number?
True
Suppose -i = -5*i + 636. Is i composite?
True
Let r be 0 - (1 + -3) - (-1 + 1). Let j(p) be the third derivative of 13*p**5/12 - p**4/12 + p**3/2 + p**2. Is j(r) prime?
False
Let b(o) = -o**3 - 9*o**2 + 5. Let i be b(-9). Suppose 0 = -p + k + 67 + 91, 0 = 3*p - i*k - 474. Is p a prime number?
False
Let o be 2 + (-3)/1*-11. Suppose -y = z - 47, 0 = 3*z + 4*y - 104 - o. Is z a composite number?
True
Let j = -9 - -14. Let s be (-264)/(-2 - (0 - 1)). Suppose -2*q - b = 2*q - 211, b - s = -j*q. Is q composite?
False
Suppose -5*y - 4*p + 57 = 0, 5*y + 0*p = 3*p + 36. Is y a prime number?
False
Let n = 848 - -1473. Is n composite?
True
Suppose 0 = -6*m + m + p - 27, -13 = m - 4*p. Let y = 10 - 17. Let x = m - y. Is x composite?
False
Is (-1)/(-3) + 4764/18 a prime number?
False
Suppose -5*d + 7*d = 8498. Is d composite?
True
Let g be (2 - (0 + 6))/1. Let k be (-567)/(-36) - 1/g. Suppose -i = -21 - k. Is i prime?
True
Let c(a) = a - 1. Let q be c(6). Suppose -3*x + 232 = q*l - 199, 3*l + 5*x = 265. Is l a prime number?
False
Is (-1636)/(2/1)*(-3)/6 prime?
True
Let b be (-3)/(9/(-21)) + -2. Suppose 4*v - 310 = -b*m, -2*v = m - 3*v - 62. Let n = -29 + m. Is n prime?
False
Let f(d)